 (-6 + 3 - -2 - (-157 - -181)).
29
What is the value of -9 + (-13 - (-14 - -14))?
-22
Evaluate -11 - (-12 - (-6 - 7)) - (9 - 0).
-21
-1 - -19 - (-22 + 24) - (11 - 5)
10
5 + 1 - -10 - 6
10
What is -3 - 4 - (-15 + 5)?
3
Calculate -9 - ((96 - 94) + (-17 - 1)).
7
What is 1 - (6 + -8 + 7 + 1 + -4)?
-1
-25 + 15 - (-28 + 16)
2
Evaluate -9 + (-33 + 22 - 6).
-26
(-20 - -24) + -24 + 13
-7
Calculate -4 + 4 + ((1 - 6) + -3 - -19).
11
What is -8 - (-3 - (-9 - -4)) - -33?
23
Calculate (-2 - (38 - 45)) + (1 - 24).
-18
Calculate (-15 + 32 - 15) + 1.
3
What is the value of (-1 - (1 + (-1 - -1))) + (-160 - -168)?
6
-130 + 119 - (-21 - (0 + -3))
7
What is (-2 - (-1 + 0 - 0)) + (-7 - 12)?
-20
-70 - 1 - (-1014 + 979)
-36
What is 3 - (3 + -9 + -6 + 6 + 0)?
9
1 + (-2 - -5) - (4 - (5 + -4))
1
Evaluate -71 + (28 - -19) + -10.
-34
What is (-7 + -1 - -5) + (6 - 11) + 15?
7
Evaluate 11 - (12 + -11 - -4) - (2 + 1).
3
(-7 - (0 - -7)) + 6
-8
-8 + (2 - 0) - 5
-11
Evaluate (8 + -5 - 2) + 11.
12
-31 + 4 + (-401 - -455)
27
(12 + 2 - 3) + -9 + 18
20
14 - (35 - (20 - 11))
-12
Calculate (-5 - -40 - 23) + -12.
0
What is the value of (-11 - (-2 + 11)) + 40 - -16?
36
What is the value of (-15 - -26) + 3 - 14 - (-12 + -1)?
13
What is the value of -18 + 44 + -18 + 17?
25
What is -5 + 10 + 2 + (3 - 2) - -3?
11
Evaluate -4 - -4 - (11 + -17) - 1.
5
What is the value of 4 - ((-3 - -7) + -3 - -3)?
0
Calculate -42 - (-32 - -18) - (-4 + -3).
-21
-3 + (24 - 10) - 17
-6
(5 - 2) + (0 + 5 + 0 - 16)
-8
Evaluate -5 + 1 + -3 + 39 + -40 + 13.
5
2 + (14 - 16) + -4
-4
Calculate -14 - -20 - (18 - (3 + 0 - -1)).
-8
Calculate (6 - -3) + (-6 - 2 - -14) + -4.
11
(2 - (-2 - -3)) + 38 + -58
-19
What is 1 + 8 + -8 + -4 - -2?
-1
Calculate 2 - (0 + 10) - (40 + -44).
-4
2 - (-10 - -14) - 2
-4
-548 - -558 - (-1 + 3 + -1 + 1)
8
Evaluate (-11 - 5) + 6 - -9.
-1
6 - -8 - (18 + 1)
-5
What is the value of -16 + 26 + -5 - (16 + -7 + -1)?
-3
Calculate -3 + 3 + (3 - 25) - -13.
-9
What is the value of 1 - -6 - (-174 - -180)?
1
What is the value of 14 + (17 - (22 - -9))?
0
What is 6 + 4 + (-4 - 1) + 9?
14
Evaluate (18 - 30) + 3 + -8.
-17
Calculate -17 + (-20 - -41) + (-3 - 1) + -7.
-7
12 - 16 - -1 - 9
-12
6 - (35 + -44 - (-1 - -2))
16
Evaluate -56 - (39 + -14 - 53).
-28
0 - -1 - (7 + (2 - 13) + 3)
2
(-48 - -29) + 17 + 1 + (-2 - -28)
25
What is the value of (-623 - -620) + (1 + 1 - 1) - -23?
21
(9 - -1) + -12 + 3 - 9
-8
Evaluate -3 + 2 - (8 - (-1 - -9)) - 12.
-13
What is 13 + (-11 + 25 - 23)?
4
14 + (0 - (10 - (6 + -1) - 4))
13
What is 7 + -1 + 0 + (-865 - -864)?
5
What is (-63 - -54) + 19 + -1?
9
What is (1 - -13) + -17 + -13 + -5?
-21
Calculate (-6 - (-8 - -17)) + 9 - (-9 - 2).
5
Evaluate (1 - -5) + (21 - 20) - (-8 - -2).
13
What is the value of 18 + 14 + -27 + 12 + 0?
17
Calculate 10 + -5 + -12 + 0.
-7
What is 1 + -24 - (220 - 241)?
-2
Evaluate 63 + -49 - (2 - -1 - -25).
-14
What is 9 - (14 - 8 - 8 - (4 - 21))?
-6
What is the value of -14 - (-14 + 23 + -17 - 5)?
-1
What is the value of -36 + (79 + -31 - 32)?
-20
What is the value of -7 + 50 - (-12 + 23)?
32
Calculate (-10 - -11 - (-5 - -8)) + 0 + 27.
25
Evaluate -5 + (-6 - -1 - -4) + (1 - -7).
2
What is (21 - 1) + (-5 - 8 - -12)?
19
Calculate (-12 - -1) + 18 - 12 - 12.
-17
What is the value of 7 - (15 + (2 - 0 - 11))?
1
Evaluate -9 - ((-4 - -4) + (-11 - 8)).
10
What is the value of -6 + 2 - (-26 + 35 - 16)?
3
Evaluate 16 + (13 - (22 + 1)).
6
Evaluate 363 + -354 + -30 + 0 + 0.
-21
What is 51 + -63 + 36 + -2?
22
What is -11 + -7 + (-8 - (11 - 59))?
22
4 + -22 - (-30 + (29 - 25))
8
-5 + (-11 - -25) + -13 + 3
-1
Evaluate (-6 - (-4 + 2)) + -12 + -5 + 21.
0
-3 + -2 - (104 - 96)
-13
What is the value of 21 - (8 - (-39 - -18))?
-8
Calculate 2 + (-24 - (-1 - (7 + -8 + 4))).
-18
What is (-3 - 0) + 6 + 3 + 71 + -78?
-1
What is the value of 3 - ((5 - 3) + 2) - (40 + -50)?
9
(-377 - -391) + 8 + -1
21
Evaluate 9 + 1 + (-9 - 5 - 2 - 9).
-15
Evaluate (18 + -17 - 19 - -5) + 40.
27
-5 - (-5 + 14 + -3 - (0 + 1))
-10
Evaluate -4 + (-110 + 98 - (0 + -1)) + 6.
-9
20 - 1 - (60 - 48)
7
What is the value of -1 - (4 - 1 - 2) - (53 - 59)?
4
Calculate 25 + -1 + -9 - (13 + 1).
1
What is the value of 26 + (44 - 18) - 19?
33
Calculate -65 + (70 + -26 - 9).
-30
Evaluate (-379 - -402) + 0 + -6.
17
What is the value of -19 - (-5 + (13 - 3) + 1)?
-25
Calculate -16 - (-32 + (42 - 21)).
-5
What is the value of -139 - -170 - (0 + 18)?
13
Evaluate (135 - 139) + (-5 + 0 - (-2 - 0)).
-7
What is -15 + -14 + 29 - -11?
11
2 + (1 - (-3 - 7)) + -9
4
(95 - 95) + (-5 + -1 - -2) - 4
-8
6 - 15 - -10 - 10
-9
What is the value of -7 + -7 + 22 + 10 + -17?
1
What is (-253 - -269) + -3 + -1?
12
Evaluate 16 + 3 + (-8 - 6).
5
-35 - (-15 + 41 + -31)
-30
Evaluate -1 + 1 - (5 + -8 + 5).
-2
Calculate 33 + (-24 - (37 + -34)).
6
What is the value of 7 + -1 - (-7 + (5 - (-7 + 8)))?
9
What is (-10 - -11 - -10) + -8 - (1 + 5)?
-3
What is (-72 - -88) + 1 + -6 + -3?
8
What is the value of -7 - 23 - (-1 - 24)?
-5
Evaluate (-1 - (10 + (-6 - (-1 - 3)))) + -16.
-25
What is the value of (-4 - -10 - (-6 + 6)) + 4 + -15?
-5
What is the value of -5 + 12 + 1 + -40 + (48 - 27)?
-11
Evaluate 11 - 16 - ((7 - 22) + -1).
11
What is 3 + -3 + (-4 - (-9 - (-2 - 2)))?
1
(-41 - -1) + (-792 - -824)
-8
What is 1 + -4 - (-167 + 164)?
0
Evaluate (3 - (1 - 6 - -4)) + 2.
6
What is the value of -4 + 11 + 10 - (1 - (-1 - 0))?
15
-2 + 28 - 5 - (52 - 47)
16
Evaluate (-21 - ((11 - -1) + -2)) + (-4 - 1).
-36
Calculate 32 + 2 - (110 - 75).
-1
Evaluate (8 - 5) + (5 - -5) + (0 - 3).
10
Calculate (0 - 9) + 1 + -1 + (-227 - -232).
-4
What is 6 + (-22 - (74 - 73 - (-6 + 1)))?
-22
3 - (-26 + (-10 - (-30 - -10)))
19
Calculate -10 - -8 - -23 - 2.
19
What is (-4 - -4 - -1) + -6 + -3 + 0?
-8
What is (1 - -61) + (-608 - -571)?
25
-3 + (-2 - -3 - 7 - (-15 + 7))
-1
(12 + 8 - 48) + 13 + -3
-18
What is (9 - 17 - -10) + 4 - -8?
14
Evaluate (1 - 12) + 1 + (-10 - 3 - -11).
-12
16 + (0 + 0 + (-9 - -11) - 8)
10
What is -14 + 3 + 3 - (33 - 34)?
-7
What is -36 + -5 - (-61 + -1)?
21
Calculate 9 + 25 - 46 - (-6 - 1).
-5
What is the value of -19 + -10 - (-12 - -2)?
-19
Calculate 40 + -44 - 2 - (-3 - -21).
-24
Calculate -16 + 22 + -24 - 4.
-22
What is 1 - 2 - (3 + (0 - (3 - -7)))?
6
(-43 - 1) + 242 + -216
-18
What is the value of -11 + -2 + 9 + 16?
12
What is (0 - -1 - 11) + (18 - 1)?
7
What is the value of -10 + (23 + -5 - 9) + 1 + -9?
-9
Evaluate 3 + 14 - ((7 - 24) + 11).
23
Evaluate 4 + -11 + 11 + -13 + 9.
0
Calculate (-5 - (-16 - -20)) + (18 - 2).
7
What is the value of 362 + -353 - (1 - 2 - -20)?
-10
138 + -162 - (-6 - (1 - -4) - -3)
-16
What is the value of (-3 - (20 + -9)) + (5 - -5 - 5)?
-9
(29 + -33 - -5) + (0 - 0)
1
Evaluate (-10 - -26 - 5) + -10 - -6.
7
Calculate 5 - (16 + -7) - -10.
6
What is 3 + (-8 - (11 - (12 - -24)))?
20
What is the value of 5 + 10 + -10 + 2 + -17 + 2?
-8
What is 2 + 1 - (-6 - (15 + 1 - 3))?
22
What is (8 - (0 + -2)) + 121 + -131?
0
Calculate (-12 - 0 - (-6 - (-7 - -8))) + 16.
11
Calculate (1 - (-3 + -3)) + -3 + -17.
-13
(4 - -6) + (11 - 10) + 7
18
What is the value of -22 - (-25 + 18) - -13?
-2
What is 9 - 2 - (56 + -50)?
1
Calculate 0 + -5 + (6 - (3 + -3) - 0).
1
Evaluate -14 + (14 - (12 - 13)).
1
Calculate -39 - (-19 - -5) - -15.
-10
What is the value of (-7 - -10) + (6 + 0 - 3) + -4?
2
Calculate (2 - (10 - 7)) + 8.
7
285 + -251 + -41 + 1
-6
Calculate -1 + -1 - (7 - (1 - -8 - -8)).
8
-7 + 1 + (3 - (-44 + 55))
-14
17 + (-43 - -12) + 16 + 13
15
What is 12 - (18 - (-13 + 5 - -17))?
3
What is 24 + (-3 + -1 - ((5 - -12) + -14))?
17
What is 2 + (-30 - -2) - (12 + -45 - -26)?
-19
Calculate (8 - 0) + (16 - (46 + -16)) + -9.
-15
(-8 - -8 - -4 - 2) + 3
5
Calculate -12 - (-3 + 2) - (7 + 0).
-18
Calculate (-25 - -23) + (-4 + 2 - (4 + -9)).
1
Evaluate -10 + (28 + -18 - 15).
-15
What is 8 - (-1 - -10 - -3)?
-4
What is the value of 32 + (-4 - 6) + -18?
4
What is (-5 - 0) + -1 + -4 + 37 + -8?
19
(-70 + 42 - -13) + 11 + 1
-3
What is (11 - 1) + 76 + -53 + (-8 - -1)?
26
What is (-14 - -6) + (32 - 24)?
0
(4 - 5 - (9 + -10)) + (18 - 0)
18
What is (15 + 1 - -23) + -20?
19
What is -1 + -1 - (-134 + 108)?
24
What is -8 + 2 + 0 + 9 - -20?
23
What is -5 - (-2 + 11 + -13 + 5)?
-6
Calculate 0 + -1 + -4 - (-11 - 0).
6
-3 + 1 - (6 - -4 - -2) - -5
-9
What is the value of (-14 + 5 - -7 -